-5))*11. What is the highest common factor of r and 22?
11
Let z be -18*-1*4/6. Suppose 6*f = o + 7*f - 35, 2*o = -5*f + 85. What is the greatest common factor of z and o?
6
Let i = 10 + -5. Calculate the highest common divisor of i and 5.
5
Let m = 8 - 4. Let j be 2/m*4*79. Let y = j + -23. What is the greatest common factor of y and 15?
15
Let q(c) = -2*c - 2. Suppose -2*o = -v + 19, 3*v - 50 = 3*o + 2*o. Let z be q(o). Calculate the greatest common factor of 18 and z.
6
Suppose 6*h - 3*h = 4*d + 25, 5*h = -d + 11. Suppose -33 = -h*t - 9. What is the greatest common divisor of 24 and t?
8
Let m be 66 + -6*4/(-6). What is the greatest common factor of 28 and m?
14
Let q be (-48)/22 + 2/11 - -3. Calculate the greatest common factor of 2 and q.
1
Let v(q) = 16*q - 6. Let s be v(2). What is the greatest common divisor of s and 208?
26
Suppose -5 = -v + 10. Calculate the highest common factor of v and 135.
15
Suppose -a - 4*a = 0. Suppose 2*i - j = -a*i + 8, -3*i + j + 11 = 0. Let h be i/(1/((-42)/(-9))). What is the highest common divisor of h and 14?
14
Let l(z) = 9*z - 7*z + 9*z - 11. Let w be l(8). What is the highest common factor of w and 11?
11
Suppose -1152 - 448 = -5*l. What is the highest common divisor of 20 and l?
20
Let t = -89 - -96. Calculate the greatest common divisor of t and 28.
7
Let m = -15 - -52. Let u = m - 25. Suppose 3*i - 660 = -2*i. What is the greatest common divisor of u and i?
12
Suppose -9 = -14*z + 11*z. Let b be 278/8 + 2/8. Suppose -2*i + b + 27 = 3*d, d - z*i = 28. What is the highest common divisor of d and 33?
11
Suppose -8 = -t + 3*f - 0, -4*f - 19 = -3*t. Calculate the highest common factor of 20 and t.
5
Let s(b) = -2*b**3 - 4*b**2 - 4*b. Let w be s(-3). Let v = -16 + w. Let d be 208/3 - 4/(-6). Calculate the greatest common factor of d and v.
14
Let o = 237 + -160. Suppose 3*y - 2*a - 86 = 0, 2*y = -4*a + o + 7. Calculate the greatest common divisor of 4 and y.
4
Let t be (-8)/12 - (-442)/6. Let z = -37 + t. What is the highest common factor of 6 and z?
6
Let b be (56 - (2 - 2))*1. Let k be -2 + 0 + (0 + 7 - -9). What is the highest common factor of k and b?
14
Let l(o) = 2*o**3 - 6*o**2 + o + 4. Let f = 2 - -2. Let t be l(f). Let s be (6/(-5))/((-6)/t). What is the highest common divisor of 32 and s?
8
Let j be 13 - 1 - (-2 - -4). Suppose -4*w + g - 356 = -8*w, -5*w + 458 = -2*g. Let p be (20/3)/(12/w). What is the highest common divisor of p and j?
10
Let a = 543 + -191. Calculate the highest common divisor of a and 32.
32
Suppose -1 - 2 = -3*z. Let u(s) = 28*s**2 - s + 1. Let j be u(z). Let t be (-2 - 10/(-4))*j. Calculate the greatest common divisor of t and 2.
2
Let y be 9/(3 + 171/(-60)). Calculate the greatest common divisor of y and 20.
20
Let p(z) = z**3 - 6*z**2 + 4*z - 6. Let v be p(6). Let y = 30 - v. Calculate the greatest common factor of y and 30.
6
Let t = 73 + -44. Suppose x + 9 = t. Suppose -3*z + 10 = -20. What is the highest common factor of z and x?
10
Suppose 0 = 9*s - 8*s - 25. Calculate the greatest common factor of s and 275.
25
Let w(d) = -d**3 - 8*d**2 + 9*d + 6. Let n = 18 - 27. Let v be w(n). Calculate the greatest common factor of v and 60.
6
Let t(q) = 9*q - 9. Let g be t(6). Suppose g = 5*h - 0. What is the greatest common factor of 36 and h?
9
Let l be -2 + 2 - (0 - 1). Let o be 11 + -1*(-2 - l). Calculate the highest common divisor of o and 21.
7
Let t be 4/6 + (-174)/(-9). What is the greatest common factor of t and 60?
20
Let l be 3 - ((-208 - 3) + -3). Calculate the greatest common divisor of 31 and l.
31
Let j(m) = 2*m**3 - 3*m**2 - 3*m + 4. Let l be j(3). Suppose -2002 = 16*p - 5170. Calculate the greatest common factor of p and l.
22
Suppose 24 = -o + 3*o. Calculate the greatest common divisor of o and 132.
12
Let x(k) be the second derivative of -k - k**2 + 0 - 7/6*k**3. Let l be x(-2). What is the greatest common factor of 84 and l?
12
Let t(b) = -b**2 - 3*b + 8. Let m be t(-7). Let x be (-65)/m - 2/8. Let c = -1 + 7. What is the highest common divisor of x and c?
3
Suppose 0 = 5*p - 2*p + 5*q - 85, -5*q = 4*p - 110. What is the greatest common factor of p and 50?
25
Suppose 2*q = 4*a - 7 - 11, 4*q = 2*a - 42. Let u be 1 + (-4)/1 + 4. Let o be (u*18)/(q/(-11)). What is the greatest common factor of 2 and o?
2
Let n = 51 - 41. Calculate the greatest common factor of n and 80.
10
Let v(u) be the third derivative of u**6/120 - u**5/20 - 7*u**4/24 - u**3/3 - 7*u**2. Let r be v(5). What is the greatest common factor of 65 and r?
13
Let h(f) = 2*f**2 - f - 1. Suppose v - 3 = -a + 1, -5*v - 2*a = -17. Let q be h(v). Calculate the highest common factor of 14 and q.
14
Let w be (-6)/15 + 72/5. Calculate the greatest common factor of w and 7.
7
Suppose -23*r = -27*r + 336. Calculate the greatest common factor of 14 and r.
14
Let t(s) = -s**3 + 15*s**2 - s + 51. Let c be t(15). What is the greatest common factor of c and 126?
18
Suppose o = -3*o + 12. Suppose -4*s - s = -b - 5, o*b - 4*s - 7 = 0. Suppose a - 1 = 4. Calculate the highest common factor of b and a.
5
Suppose 2*w + 4 = -2*j + 4*j, -4 = -3*j + w. What is the greatest common factor of j and 9?
1
Let b be ((-3)/4)/(2/(-16)). Suppose 0 = 3*k - 2*q - 65, k + 5*q - b - 10 = 0. What is the greatest common factor of 21 and k?
21
Suppose t = -3*t + 16. Let h = -2 + 3. Suppose -b = -9 - h. Calculate the highest common factor of t and b.
2
Suppose 5*i - 476 = 404. Calculate the highest common factor of 16 and i.
16
Let m be (-6)/24 - (-13)/4. Let p = 1 + 8. Let r be 161/3 + m/p. What is the highest common divisor of 6 and r?
6
Suppose -3*m + 8 = 2. Suppose p - 156 = -m*p. Let o = p + -25. Calculate the highest common divisor of 18 and o.
9
Suppose -2*o = -3*o. Let i = -4 + 2. Let b be (o + i)/((-2)/16). Calculate the greatest common divisor of b and 8.
8
Let z be ((-8)/(-12))/(0 + (-3)/(-369)). What is the greatest common factor of 41 and z?
41
Let h be (6 + 2)*18/6. What is the greatest common factor of h and 3?
3
Let u = -70 + 81. What is the highest common divisor of u and 121?
11
Let t be 46 - 2/(-5 + 7). Calculate the highest common divisor of 18 and t.
9
Let a be 6/((3 - 1)/2). What is the highest common divisor of a and 12?
6
Let p = 26 - 14. What is the greatest common factor of 12 and p?
12
Let o be (-168)/(-40) - (-1)/(-5). Calculate the greatest common divisor of 8 and o.
4
Let j(b) = b**2 - 15*b - 5. Let v be j(16). Calculate the highest common divisor of v and 11.
11
Let t(a) = -a + 1. Let x(n) = -9*n + 3. Let g(b) = -6*t(b) + x(b). Let y = -20 - -15. Let w be g(y). Calculate the greatest common divisor of 12 and w.
12
Suppose 0 = 8*v - 9*v + 100. Let a = 56 - 16. Calculate the greatest common divisor of v and a.
20
Let d = 32 - 14. Let k = d + -11. Let g = 4 + -3. Calculate the highest common factor of g and k.
1
Let v be 6*((-28)/3)/(-2). Suppose 5*q - 41 = -2*x - 0*x, -2*q + v = -5*x. Calculate the greatest common divisor of 81 and q.
9
Let t(k) = 48*k**2 + 1. Let q be t(1). Suppose u - 3*m + 0*m + 25 = 0, -3*m - q = u. Let h = 18 - u. What is the greatest common factor of 11 and h?
11
Let z = 7 - -2. Suppose x + 15 - 45 = 3*h, 2*h = 2*x - 40. Suppose x + 21 = 4*r. What is the highest common factor of z and r?
9
Let r be (-200)/6*45/(-12). What is the highest common divisor of r and 25?
25
Let k = -70 + 95. What is the highest common divisor of 10 and k?
5
Let z be (-27)/3 - -1*2. Let j be 1/(-3)*(z + 1). Suppose -j*p + 19 + 5 = 0. Calculate the greatest common factor of p and 132.
12
Let k = -62 + 17. Let l be 10*(-6)/k*12. What is the highest common divisor of 40 and l?
8
Let u = 77 + -47. What is the highest common factor of u and 45?
15
Suppose -5*t - 2*l + 840 = 0, 2*t = -3*t + 4*l + 840. Let w = -80 + t. What is the highest common divisor of 11 and w?
11
Suppose 0 = 8*h - 12*h + 88. Calculate the highest common divisor of h and 44.
22
Let r = -3 - -5. Suppose -r*i = -4 - 20. What is the greatest common factor of i and 6?
6
Let g be 12/4 + -3 - -90. Calculate the greatest common factor of 30 and g.
30
Let q(v) = -10*v**3 - v**2 + v + 1. Let m be q(-1). Suppose m*b - 7*b - 8 = 0. What is the greatest common factor of 36 and b?
4
Let l(v) = v**3 + 7*v**2 + 7*v + 9. Let y be l(-6). Let n = 1 + 3. Supp